te the highest common factor of u and 153.
17
Let x be 8/(-8) - 1*4. Let w(k) = -k**3 - 5*k**2 - 3*k - 3. Let r be w(x). What is the greatest common factor of r and 60?
12
Suppose 113 - 14 = 3*w. Let v be 2/((-2)/w*-3). Let n be (-9)/6 - 490/(-4). What is the greatest common factor of v and n?
11
Suppose 0 = w - h - 16, -4*h - 50 = w - 4*w. What is the highest common divisor of 21 and w?
7
Let p(n) = -7*n + 9. Let w be p(-8). Calculate the greatest common divisor of w and 13.
13
Let l be 8/(-6)*3 + 8 + 4. Calculate the greatest common factor of l and 2.
2
Suppose -4*h + 2 = -14. Let q = h - -4. Calculate the greatest common factor of q and 2.
2
Let v(g) = -g**3 + 11*g**2 + 11*g + 21. Let u be v(12). What is the highest common divisor of 54 and u?
9
Suppose -2*v + 16 = n - 1, 4*n - 5*v - 68 = 0. Let s = -59 + 93. Calculate the highest common divisor of n and s.
17
Let z(r) = -9*r - 156. Let j be z(-32). Suppose c - 31 = -4*d + 18, 0 = -2*d + 2*c + 22. What is the highest common factor of j and d?
12
Suppose -d + 13 = -0*d. Let k be 2 + 0 + 1 + 1. Let c be (-2)/k*(-52)/2. What is the highest common divisor of c and d?
13
Let c(o) = -10*o - 38. Let a be c(-6). What is the highest common factor of a and 88?
22
Let p = 45 + -18. Let n be (3 - 1) + 2/2. What is the greatest common divisor of n and p?
3
Let z(l) be the second derivative of -2*l**5/5 + l**4/6 - l**2/2 + 3*l. Let f be z(-1). Calculate the highest common divisor of f and 6.
3
Suppose 15 = -t + 2*t. Calculate the greatest common factor of 60 and t.
15
Let n(x) = 4 + 3*x - 4*x + 1 + 2*x. Let t be n(0). Let p = 8 - t. Calculate the greatest common factor of p and 6.
3
Suppose 0 = v - 2*l - 10, -v - 4*l = 1 - 11. Suppose 0 = 5*a - p - 253, -3*a - 4*p + 159 = -7*p. Calculate the greatest common divisor of v and a.
10
Let w be 168*(-1)/((-10)/5). What is the highest common divisor of 42 and w?
42
Suppose 14*v = 11*v - 21. Let y(l) = -8*l - 17. Let g be y(v). Calculate the highest common factor of 13 and g.
13
Suppose 0 = -4*u + 16. Suppose -u*q + 260 = -2*q. Calculate the greatest common factor of q and 13.
13
Let q(c) = c**2 - 3*c + 16. Let p be q(5). Calculate the greatest common factor of p and 13.
13
Let p(r) be the second derivative of r**5/20 - r**4/3 - 2*r**3/3 + r**2/2 - r. Let x be p(5). Calculate the greatest common divisor of x and 6.
6
Let d = 867 + -702. Suppose 3 = o - 0. Suppose o*h + 30 = 5*h. Calculate the greatest common factor of d and h.
15
Let u = -31 + 65. What is the highest common divisor of 68 and u?
34
Let z be -3 - 0 - -32 - 1. What is the greatest common divisor of 7 and z?
7
Let k(y) = -13*y - 30. Let s be k(-6). What is the highest common divisor of 12 and s?
12
Let c be 8/(-10)*(-3 + -27). What is the greatest common divisor of 48 and c?
24
Suppose 5*n - 470 - 170 = 0. Calculate the highest common factor of n and 16.
16
Let a(r) = 3*r**2 - 2*r - 7. Let g be a(-7). Suppose -2*b = 5 - 33. Calculate the highest common divisor of b and g.
14
Suppose -3*n + 3 = -6. Let v be 1/((-1)/(-6)*n). What is the highest common factor of v and 2?
2
Let w(o) = 44*o**2 - 2*o - 2. Let h be w(-2). Let t = h - 122. Let s be 3/((-6)/(-4)) + 12. Calculate the highest common divisor of t and s.
14
Let z(d) = d**3 + d - 5. Let w be z(0). Let p(i) = -4*i - 2. Let j be p(w). Calculate the greatest common factor of 12 and j.
6
Let a(i) = 2*i**3 + 24*i**2 + 13*i - 9. Let x be a(-11). Calculate the greatest common divisor of 10 and x.
10
Let k = 2 - 10. Let c be (-66)/k + (-2)/8. What is the highest common divisor of 40 and c?
8
Suppose -2*n - 16 = 2*n. Let r(s) = 2*s**2 - 2*s + s + 2*s + s. Let v be r(n). What is the highest common divisor of v and 12?
12
Let k be (-3)/(9/6) + 3. Suppose 0 = 3*f - 7 + k. Let w be 0 - (-2 + 0 - 0). Calculate the highest common divisor of f and w.
2
Let k = -3 - -18. Let d = -3 + 3. Suppose 5*p + 3*b = d, p + b - 2*b - 8 = 0. What is the greatest common factor of k and p?
3
Suppose 0 = 2*k - 5*k + 21. What is the greatest common divisor of k and 21?
7
Let m = 89 - 35. Suppose -10*u + m = -7*u. Let n be 12 + (-2)/(-4)*0. What is the greatest common divisor of n and u?
6
Let q = 136 + -104. What is the greatest common divisor of 224 and q?
32
Let r(z) = z**3 - 5*z + 6. Let o be r(4). What is the greatest common factor of o and 30?
10
Suppose 3*m - d = -14 - 0, 0 = -3*m + 4*d - 20. Let b be 5 - m/8*-2. Suppose -2*z = -3*z + 36. Calculate the greatest common divisor of b and z.
4
Suppose 0 = -2*q + 30 + 50. Suppose 0*s - 1 = s. Let z(i) = -8*i**3 - i**2 - 2*i - 1. Let d be z(s). What is the greatest common divisor of d and q?
8
Let q(x) = -9*x + 1. Let b be q(-1). Let r(n) = -n**2 + 16*n - 13. Let a be r(15). Calculate the greatest common factor of b and a.
2
Suppose 4*v + 36 - 12 = 0. Let s be 54 + 6*(-2)/v. Calculate the greatest common divisor of s and 14.
14
Suppose 6 = -3*a, y - 3*a = 2*y - 27. Let i = 3 + 0. What is the greatest common divisor of y and i?
3
Let b be (-2 - (-30)/4)/(1/62). Calculate the highest common factor of 31 and b.
31
Let o(n) = -n**3 + 6*n**2 + n - 4. Let y be o(6). Suppose 4*j - 5*j - y*k = -80, -4*j - 3*k = -300. What is the greatest common factor of j and 18?
18
Let s = 158 - 157. Calculate the greatest common factor of 31 and s.
1
Let p be 2 - (-4)/(-2) - -1. Calculate the highest common divisor of p and 11.
1
Let x = 7 - 3. Suppose z - 30 = -4*z. Let y be 10/z + (-1)/(-3). Calculate the highest common divisor of x and y.
2
Let q(s) = 2*s**2 + 4*s - 1. Let g be q(-3). Suppose -20 = -5*o + 3*u - g*u, -o - 3*u - 9 = 0. What is the greatest common divisor of 3 and o?
3
Suppose 8*s = 4*s + 72. Let b = 206 + -44. Calculate the highest common factor of s and b.
18
Suppose -w - 3*c = -7*c - 8, -4*c - 88 = -5*w. What is the greatest common divisor of w and 20?
20
Let k be (-152)/20 - 2/5. Let g be 14*-2*2/k. What is the highest common divisor of g and 7?
7
Let t be (-3)/12 + 9/4. Let r be (-5)/((-5)/8)*(4 + -2). What is the greatest common divisor of t and r?
2
Let q(n) = -n - 4. Let l be q(-6). Suppose 0*h - 4 = -l*h. Calculate the highest common divisor of 8 and h.
2
Suppose -7*a = -2*a - 1430. Suppose -6*c + 134 = -a. What is the greatest common factor of 28 and c?
14
Let j(d) = 6*d - 3. Let z be j(4). Let s = 37 - z. Let v = -440 - -616. What is the greatest common divisor of v and s?
16
Let w be (-4)/(-8)*2 + 4. Suppose -5*l + w*j + 655 = -0*l, -628 = -5*l - 4*j. What is the highest common factor of 16 and l?
16
Suppose 2*v = -5*h - 0*v + 6, 5*v = 15. Let k(l) = -9 - l**3 - l**2 + 10*l**2 + h*l**2 - 2*l. Let j be k(7). Calculate the highest common divisor of 15 and j.
15
Let s(l) = -3*l - 10*l + l - 4. Let f be s(-3). What is the highest common divisor of f and 4?
4
Let j = 29 + -17. Let f be 5/((-60)/(-112))*(1 - -8). Calculate the greatest common factor of f and j.
12
Suppose -o = -3*o + 46. Let i be (-1 - (1 + -38)) + -2. Let r = i - o. Calculate the highest common divisor of 121 and r.
11
Let y(l) be the first derivative of l**2/2 + 3*l - 4. Let j be y(0). Calculate the highest common factor of j and 9.
3
Let m(x) = 2*x**2 - 3*x + 4. Let s be m(3). Let k = 103 - 64. What is the highest common divisor of s and k?
13
Let z(j) = 23*j - 21. Let b be z(7). Calculate the highest common divisor of b and 28.
28
Let z be (-7)/(-3) - (-1)/(-3). Let p be (4/1 + -10)/(-2). Suppose -15 = -p*j - 0*j. What is the greatest common divisor of z and j?
1
Let k = -2 - -1. Let g(u) = -33*u. Let y be g(k). Calculate the highest common factor of 11 and y.
11
Suppose -3*h = -6*h + 135. Calculate the highest common divisor of 30 and h.
15
Let i be ((-18)/5 - -2)*(-50)/20. Suppose -4*a = 5*u - 6, 5*a = -0*u - 2*u + 16. What is the greatest common divisor of a and i?
4
Let y be 1*(-1 - 19)*(-6)/4. What is the highest common divisor of 40 and y?
10
Let n be (18 + -2)/(6/3). What is the highest common divisor of n and 4?
4
Suppose d = 4*g - d - 384, 12 = 3*d. Calculate the highest common divisor of g and 14.
14
Let v be (4 + 2)*(-28)/(-21). What is the greatest common factor of 8 and v?
8
Suppose -9*v + 1 = -8*v. Calculate the highest common factor of v and 5.
1
Let l(o) = o + 9. Let i be l(-7). Suppose -s + 180 = i*s. What is the greatest common factor